5087553 a composite number?
False
Is 194751923 a composite number?
True
Is 8325383 a composite number?
True
Is 6052421 composite?
False
Is 192389543 composite?
False
Is 216593317 composite?
False
Is 61400278 prime?
False
Is 2632919 prime?
True
Is 5363549 prime?
True
Is 19479179 composite?
True
Is 22916137 composite?
True
Is 81421037 a prime number?
True
Is 196799 composite?
False
Is 5971079 a composite number?
True
Is 92364295 a composite number?
True
Is 84761363 a composite number?
True
Is 269825117 prime?
True
Is 173968049 a composite number?
True
Is 12487407 a composite number?
True
Is 90231113 a prime number?
False
Is 149843 a composite number?
True
Is 39742109 composite?
True
Is 11041843 a prime number?
True
Is 357031 prime?
True
Is 1024393 prime?
False
Is 25347851 composite?
False
Is 293410339 a composite number?
True
Is 6017411 a composite number?
False
Is 105820607 a prime number?
True
Is 2785261 a composite number?
False
Is 572963 prime?
True
Is 655437 composite?
True
Is 191270353 composite?
True
Is 6895219 a prime number?
False
Is 39797627 a prime number?
False
Is 1423061 a prime number?
True
Is 245937991 prime?
False
Is 15256279 prime?
False
Is 10212577 a prime number?
True
Is 9764099 a composite number?
True
Is 4349606 a prime number?
False
Is 10526603 a prime number?
False
Is 21060023 composite?
False
Is 38722451 composite?
False
Is 58270441 composite?
True
Is 337238873 a prime number?
True
Is 27148411 composite?
True
Is 32737619 a prime number?
True
Is 601651 prime?
True
Is 104638993 composite?
False
Is 98251 a composite number?
False
Is 34439393 a prime number?
False
Is 20289613 prime?
False
Is 228329639 composite?
False
Is 7513079 a composite number?
True
Is 23544069 a prime number?
False
Is 42139403 a prime number?
True
Is 12371729 a prime number?
True
Is 57702251 a prime number?
True
Is 188230349 composite?
False
Is 2671379 a prime number?
False
Is 5397299 composite?
False
Is 53696626 a composite number?
True
Is 144890771 a prime number?
False
Is 13583393 composite?
True
Is 673331 prime?
False
Is 8915917 a prime number?
True
Is 4046039 a composite number?
True
Is 179109947 composite?
True
Is 116253349 a composite number?
True
Is 70575499 composite?
True
Is 2377927 a prime number?
True
Is 83926001 prime?
True
Is 216388181 prime?
True
Is 11609967 a composite number?
True
Is 115787369 a prime number?
True
Is 95051 prime?
False
Is 23442917 composite?
False
Is 452323 a prime number?
False
Is 68142233 prime?
False
Is 4044669 a composite number?
True
Is 6084817 a composite number?
True
Is 632952791 a prime number?
True
Is 3317029 a prime number?
False
Is 147986537 a composite number?
True
Is 178013497 a prime number?
True
Is 8463559 a composite number?
True
Is 54049087 composite?
False
Is 241747 composite?
True
Is 3033229 composite?
False
Is 174168067 prime?
True
Is 106649839 composite?
True
Is 3292151 composite?
True
Is 2955299 a prime number?
False
Is 377123 a prime number?
True
Is 2943407 a prime number?
False
Is 5209981 a composite number?
True
Is 283903 prime?
False
Is 3099829 composite?
True
Is 4990949 a composite number?
False
Is 36778727 prime?
False
Is 13646569 prime?
True
Is 2117716817 a prime number?
True
Is 2603219 a prime number?
True
Is 4282303 a prime number?
True
Is 83455993 a prime number?
True
Is 606223 prime?
True
Is 15281531 composite?
True
Is 17442413 composite?
True
Is 1724381 a composite number?
True
Is 63707183 prime?
True
Is 5008229 a prime number?
False
Is 1848193 composite?
False
Is 41639221 prime?
False
Is 328243 composite?
False
Is 13675009 a prime number?
True
Is 28754671 prime?
False
Is 7200329 prime?
False
Is 163188881 a prime number?
True
Is 305508367 prime?
True
Is 6715183 a prime number?
False
Is 12781753 a composite number?
False
Is 41174551 prime?
False
Is 116549 a composite number?
False
Is 83493121 a prime number?
True
Is 13987927 a composite number?
True
Is 2927471 a composite number?
True
Is 6506239 composite?
True
Is 4730813 composite?
False
Is 27259521 composite?
True
Is 1366517 a composite number?
False
Is 8779961 composite?
False
Is 3497137 prime?
False
Is 8934953 a prime number?
True
Is 167362229 prime?
False
Is 407130701 composite?
False
Is 2683711 a prime number?
False
Is 55429013 a composite number?
True
Is 18411857 prime?
True
Is 81648799 composite?
True
Is 11462359 a prime number?
False
Is 611693 prime?
True
Is 7292317 composite?
False
Is 43824871 a prime number?
False
Is 3167891 a composite number?
False
Is 534954278 a composite number?
True
Is 126072097 prime?
False
Is 15081455 prime?
False
Is 3771277 a prime number?
True
Is 34252557 a prime number?
False
Is 4540727 a composite number?
False
Is 129784595 composite?
True
Is 2825639 composite?
False
Is 116439671 composite?
True
Is 41463811 prime?
True
Is 14043973 a prime number?
True
Is 15781121 a prime number?
False
Is 1321999 a prime number?
False
Is 14918339 composite?
False
Is 2355751 a prime number?
False
Is 20204233 composite?
True
Is 7784303 prime?
True
Is 11113 a prime number?
True
Is 79488139 a composite number?
True
Is 920541 prime?
False
Is 421552559 composite?
False
Is 216817639 composite?
False
Is 9588209 a composite number?
True
Is 48836107 composite?
True
Is 63983641 a composite number?
False
Is 518078623 a prime number?
True
Is 3155953 composite?
True
Is 6887653 prime?
False
Is 506281 a composite number?
False
Is 212039 composite?
False
Is 545709 a prime number?
False
Is 14539043 prime?
True
Is 4621345 prime?
False
Is 1477019 a prime number?
False
Is 198140347 prime?
True
Is 16815217 composite?
True
Is 989981 a prime number?
True
Is 46035191 prime?
True
Is 1086331 composite?
False
Is 11109353 a prime number?
False
Is 107146517 prime?
False
Is 2086397 a composite number?
False
Is 60162763 prime?
False
Is 181739509 prime?
False
Is 80962283 a prime number?
True
Is 6417883 prime?
False
Is 2504459 composite?
True
Is 11634263 composite?
False
Is 23919391 composite?
True
Is 15195883 a composite number?
False
Is 95831429 prime?
True
Is 1504147 prime?
True
Is 296249433 composite?
True
Is 3631609 a composite number?
False
Is 63783503 prime?
False
Is 29226551 a composite number?
False
Is 492813689 a prime number?
True
Is 4840921 a prime number?
True
Is 85311337 prime?
False
Is 7070501 prime?
False
Is 9983497 prime?
True
Is 10869323 prime?
True
Is 306844217 a prime number?
False
Is 45403 a composite number?
False
Is 2542121 composite?
True
Is 3623489 prime?
False
Is 112487951 composite?
False
Is 3833293 a composite number?
False
Is 610877 composite?
False
Is 938323 a prime number?
True
Is 18831671 a composite number?
False
Is 19516369 a composite number?
True
Is 33463987 composite?
False
Is 7522829 a composite number?
False
Is 230479807 a prime number?
True
Is 203951 a prime number?
False
Is 316447091 a composite number?
False
Is 32366197 a prime number?
True
Is 53843255 a prime number?
False
Is 289507423 a composite number?
False
Is 493967 composite?
False
Is 541771 a prime number?
True
Is 24568079 composite?
True
Is 3656703 a prime number?
False
Is 5863937 prime?
False
Is 224637383 composite?
False
Is 186412222 a prime number?
False
Is 3412127 a composite number?
False
Is 522719 a prime number?
True
Is 4215493 prime?
True
Is 17167661 a prime number?
False
Is 14953667 a prime number?
True
Is 579337211 a composite number?
False
Is 3192997 composite?
False
Is 46154551 composite?
True
Is 260081 prime?
True
Is 1051909069 a prime number?
True
Is 1270657709 prime?
True
Is 2793433 composite?
False
Is 42763681 prime?
True
Is 106871287 a composite number?
True
Is 21219749 a prime number?
True
Is 393391 composite?
True
Is 46337 a composite number?
False
Is 211613273 a composite number?
True
Is 36305519 a prime number?
True
Is 10346871 composite?
True
Is 20352754 prime?
False
Is 14844713 a composite number?
True
Is 248008107 composite?
True
Is 3440641 a prime number?
False
Is 78154061 a composite number?
False
Is 37825157 a prime number?
True
Is 18331087 prime?
False
Is 522649 a composite number?
True
Is 2090771 a prime number?
True
Is 40410673 a prime number?
True
Is 863021 prime?
False
Is 6047303 a composite number?
False
Is 5792639 a composite number?
False
Is 21043441 composite?
False
Is 4511711 composite?
False
Is 28023617 prime